 is the tens digit of v?
6
Let u(h) = 3 - 5*h + 11*h + 15*h**3 - 5 - 5*h**2. What is the tens digit of u(2)?
1
Suppose -2*g + 13 = 3*q - 3*g, 0 = -q - 2*g - 5. Suppose q*b + 17 = s - 25, 3*s + 3*b = 66. Suppose 11 - s = -c. What is the tens digit of c?
1
Suppose -2*j = -4*r + 250, 2*r = 6*r - 4*j - 260. What is the units digit of ((-72)/r)/(2/(-15)) - 0?
9
Suppose -4*s = 2*r - 980, -4*s + 1495 = 3*r - 3*s. What is the units digit of r?
0
What is the tens digit of (-323)/(6/(-2) + 2)?
2
Let m(z) = -2*z**2 + 138*z - 116. What is the thousands digit of m(59)?
1
Suppose -38 = -5*t - l, -5*t - l + 17 = -3*t. What is the units digit of ((-1)/2)/(t/(-476))?
4
Let d(q) be the second derivative of 0 - 6*q**2 + 2/3*q**3 - 6*q. What is the units digit of d(8)?
0
Let b = -739 - -3444. What is the thousands digit of b?
2
Let k be 15/6*(-4 + 6). Suppose -d + 2*c + 62 = 9, 5*d + k*c = 250. What is the tens digit of d?
5
Let g(l) = -5*l - 36. Let k be g(-8). Suppose -k*p - 4*o + 228 = 0, p + p + 4*o - 122 = 0. What is the units digit of p?
3
What is the tens digit of 29 + -12 + 6/(-3)?
1
Let d(l) = -2*l + 25. Let o be d(-13). Let v = -91 + o. What is the tens digit of -1*((-3 - -2) + v)?
4
What is the units digit of (-6)/(-8) - 242905/(-52)?
2
Let x = 453 + 13. What is the units digit of x?
6
Let o(i) = i**3 + 15*i**2 + 13*i - 10. Let r be o(-14). Let g(s) = 3 - r + 0 - 25*s + 19*s. What is the units digit of g(-1)?
5
What is the units digit of 970 - (-3)/(-1 - 10/(-25))?
5
Let g = 74 - 125. Let r = 17 - g. What is the units digit of r?
8
Let x(o) = 0*o - 13 + 10*o**2 - 9*o + 0*o**3 - 3*o**2 + o**3. What is the tens digit of x(-7)?
5
Let x = -54 - -94. Suppose -y = -4*w - 14, -5*y + x = -w + 8. Suppose -3*j - y*p + 89 = -2*p, 66 = 2*j - 4*p. What is the tens digit of j?
3
Let w(s) = 5*s**2 - s + 1. Let y be w(1). Suppose 5*d - 24 = 4*f - 0, y*f = -5. Suppose -d*i = -2*i - 50. What is the units digit of i?
5
Suppose -3*x + 27 = 3*m - 9, -5*x + 4*m = -78. Let w = x - 12. Suppose u - 53 = 5*v, v = w*v - 2. What is the units digit of u?
3
Let i(l) = -l**2 + 3*l + 9. Let t be i(6). What is the units digit of (-471)/t + (-2)/(-3)?
3
Suppose -2*k = -0*k + 42. Let q = k - -34. Let s = -5 + q. What is the units digit of s?
8
Suppose 0 = 31*w - 10*w - 95004. What is the units digit of w?
4
What is the units digit of (64/6)/(2*(-2)/(-318))?
8
Let z(n) = 2*n + 2. Let b(a) be the first derivative of -a**3/3 - a**2 - 2*a + 5. Let g(d) = -5*b(d) - 6*z(d). What is the units digit of g(-2)?
2
Suppose -5*z + 2*p + 2990 = 4*p, 5*z - 3010 = 2*p. What is the tens digit of z?
0
Let n = -39 + 43. Suppose -n*w + 237 + 863 = 0. What is the tens digit of w?
7
Let v be -3*(2 + (-11)/3). Suppose -i = 3*x - 17, -4*i - 3 = -3*i - x. Let d = v - i. What is the units digit of d?
3
Suppose 5*a - 6 + 31 = 0. Let t(y) be the second derivative of y**5/20 + y**4/3 - 7*y**3/6 - 2*y**2 - y. What is the units digit of t(a)?
6
Let x(q) = 7*q + 2. Let o be x(-1). What is the units digit of o*(-4)/25*2075/10?
6
Let d be -27*(5 + (-17)/3). Suppose -r - d = -146. What is the hundreds digit of r?
1
Let d = 18 + -21. Let c(n) = -14*n + 7. What is the tens digit of c(d)?
4
Let k(m) = 1518*m + 400. What is the tens digit of k(3)?
5
Suppose -13*p + 299 = -6240. What is the tens digit of p?
0
Suppose -3*a - 21 = -5*t - 2*a, 0 = -5*t + 3*a + 13. Suppose -3*j - 1541 = -t*o, -j + 8 = -5*j. What is the units digit of o?
7
Suppose -32 = -4*m + 3*l, -5*m = -l + 2*l - 21. Suppose -m*f = 3*w - 140, -w + f = -32 - 28. What is the tens digit of w?
5
Let p(w) = -7*w**3 - w**2 - w - 1. Let j be p(-1). Let g(u) = -j*u + 2 + 1 + 3*u - 1. What is the units digit of g(-3)?
1
Let u be 1030/8 + 7/28. Suppose 0 = -3*q + 54 + u. What is the tens digit of q?
6
Let c(v) = v**2 + 3*v - 4. Let n(a) = -6*a**2 + 2*a + 2. Let x be n(2). Let w = x - -13. What is the units digit of c(w)?
6
Let j be (-4 + -2)*(-74)/(-6). Let q = j + 114. Suppose 4*d - q - 52 = 0. What is the units digit of d?
3
Suppose -2*d = -3*u + 8, u - 6*u = d - 9. Suppose -u*k - g = -130, -2*g = 3*k - 0*k - 194. What is the units digit of k?
6
Let r(q) = -q**3 - 2*q**2 + 6*q + 49. What is the units digit of r(-10)?
9
What is the thousands digit of 1 + 3/6 - (-43245)/30?
1
Suppose -12 + 102 = 45*n. Suppose -3*a = -5 - 10. Suppose n*b - 3*q - 65 = 87, 83 = b - a*q. What is the tens digit of b?
7
Let h be (2 - (-3 - -6))*-2. Suppose v - n = 4*n + 31, 3*v = h*n + 28. Suppose 0*z + 4*y = 3*z - 6, -3*z + v = -2*y. What is the units digit of z?
2
Let k(m) be the first derivative of 3*m**2/2 + 7*m + 13. What is the tens digit of k(20)?
6
Let b = 5 + 27. Suppose q + 4*q = -2*z + b, 4*q + z - 25 = 0. What is the tens digit of (-6)/q + 48/3?
1
Suppose 4 = -t, 3*l - 8*l + 4799 = 4*t. What is the hundreds digit of l?
9
Let u = 3345 - 2149. What is the units digit of u?
6
Suppose 10*y = 2160 - 120. Let p = y + -118. What is the tens digit of p?
8
What is the tens digit of (-5)/5*-1130 - -4?
3
Let d = -1686 - -2413. What is the units digit of d?
7
Suppose -4*l + 37 = 3*m, -3*m + m + 48 = 5*l. Suppose 5*r = l + 10. Suppose -r*a + 148 = -20. What is the units digit of a?
2
Let a(w) = -101*w + 24. What is the thousands digit of a(-10)?
1
Suppose 5*m + 2*j = 11491, 4*m + 80*j = 84*j + 9204. What is the tens digit of m?
9
Suppose 0 = 2*q + 18 + 112. Let n = q - -133. What is the units digit of n?
8
Suppose 7*c + 5162 - 18371 = 0. What is the hundreds digit of c?
8
Suppose 3*w - 3*h = -5*h + 2, -w = h - 1. Suppose 7*i - 2*i + 2*c - 45 = 0, 3*i - 4*c - 53 = w. What is the units digit of i?
1
Let p = 249 + 49. What is the units digit of (((-2)/(-4))/((-1)/p))/(-1)?
9
Let x(o) = o**2 - 7*o + 5. Let m be x(7). Suppose -4*l + 6 = -7*l - m*q, 2*q = 6. What is the tens digit of (2/(-5))/(l/210)?
1
Let t(x) = x**2 + 8*x + 4. Let w be (-140)/42 - (-4)/(-6). Let k be t(w). What is the units digit of ((-114)/k)/(1/2)?
9
Let a(u) = 9*u**3 + 13*u**2 - 24*u - 32. Let m(n) = 4*n**3 + 7*n**2 - 12*n - 16. Let f(k) = 3*a(k) - 7*m(k). What is the units digit of f(-11)?
5
Suppose 9*d + 24*d - 40623 = 0. What is the tens digit of d?
3
Suppose 3*n + 298 = 2*h, 3*h - 745 = -2*h + 6*n. What is the tens digit of h?
4
Suppose -3*q - 390 = -8*q. Let w = q + -52. What is the tens digit of w?
2
Suppose 3*z = 2*z + 4*s + 107, -z + 2*s + 101 = 0. What is the tens digit of z?
9
Suppose 3*k = 15*z - 16*z + 4119, -12337 = -3*z - 5*k. What is the units digit of z?
4
Let c = 22 + -32. Let r = 19 + c. Suppose r + 0 = 3*x. What is the units digit of x?
3
Let g(z) = -216*z + 216. What is the hundreds digit of g(-3)?
8
Suppose -2*f - 5 = -1. Let o(t) = 35*t**2 + 4*t + 3. Let a be o(f). Let z = a - 95. What is the units digit of z?
0
Let i(q) = -q**3 - 4*q**2 + 2*q + 8. Let o be i(-6). Let x = -1 + 6. Suppose -3*n - 16 = -d, o = x*d + n - 4*n. What is the units digit of d?
3
Let z(j) = j**3 + 9*j**2 + 10*j + 60. What is the units digit of z(-8)?
4
Let l(q) = q**3 + 8*q**2 + 2. Let i be l(-8). Let x be 1 + 14*i/4. What is the tens digit of 12/(-48) + 258/x?
3
Let v(b) = b**3 - 18*b**2 + 2*b + 4. Let m = 71 + -53. What is the units digit of v(m)?
0
Suppose 1463 = -3*f - 4*f. What is the units digit of (f/2 + 5)/((-1)/2)?
9
Suppose 2*h + 2 = h. Let x be h + 1 - -11*2. Suppose x + 89 = 5*u. What is the units digit of u?
2
Let d(h) = h**3 - 26*h**2 + 6*h + 49. Let w be (-30)/36 - (-322)/12. What is the tens digit of d(w)?
0
Let g = -122 - -178. Let h = -18 + g. What is the tens digit of h?
3
Let x be -237*((-24)/(-9) + -3)*-1. Let j = x - -122. What is the tens digit of j?
4
Suppose -4*j - 100 = 4*n, -n - 3*j - 25 = -7*j. Let y = -15 - n. Let t = y + 9. What is the tens digit of t?
1
What is the units digit of -3*(-22)/12*(40 - -10)?
5
Suppose 0 = 10*y - 155 - 1105. What is the tens digit of y?
2
Suppose -47*l + 762 = -44*l. What is the tens digit of l?
5
Let r be 13 + -14 + 3 + 1. Suppose -2*q = -5*a + 2*a + 797, -4*a - r*q = -1057. What is the units digit of a?
5
Let c be (1 - 3)/(2/62). Suppose 2*b - 214 = 2*i, 4*i + 3*b + 94 = -355. Let g = c - i. What is the tens digit of g?
4
Let c(t) = 14*t - 25. Let g be c(-9). Let h = 306 + g. What is the units digit of h?
5
Let d(r) = 8*r + 46. Let b be d(-5). What is the units digit 